297
Calculate the remainder when 2221494 is divided by 8139.
7686
What is the remainder when 180108 is divided by 962?
214
What is the remainder when 237799 is divided by 58984?
1863
What is the remainder when 8845 is divided by 1083?
181
What is the remainder when 5818547 is divided by 1266?
11
What is the remainder when 504444 is divided by 1287?
1227
What is the remainder when 397154705 is divided by 99288675?
5
Calculate the remainder when 234653793 is divided by 18.
15
What is the remainder when 25603370 is divided by 1523?
217
What is the remainder when 2690226 is divided by 384318?
0
Calculate the remainder when 53007243 is divided by 6625905.
3
Calculate the remainder when 4225537 is divided by 1446.
325
What is the remainder when 5497042 is divided by 1050?
292
Calculate the remainder when 49879543 is divided by 350.
343
Calculate the remainder when 189873 is divided by 94741.
391
What is the remainder when 7203370 is divided by 109?
105
What is the remainder when 2553765 is divided by 733?
726
What is the remainder when 184971 is divided by 16449?
4032
Calculate the remainder when 300642 is divided by 245.
27
What is the remainder when 7041398 is divided by 7041365?
33
What is the remainder when 586118 is divided by 29300?
118
What is the remainder when 6977292 is divided by 589?
587
What is the remainder when 41904 is divided by 13719?
747
What is the remainder when 426320 is divided by 508?
108
What is the remainder when 10189108 is divided by 61?
34
Calculate the remainder when 676031 is divided by 689.
122
What is the remainder when 1829773 is divided by 154?
99
Calculate the remainder when 11624791 is divided by 22.
13
What is the remainder when 58738636 is divided by 30?
16
Calculate the remainder when 9575290 is divided by 36828.
10
Calculate the remainder when 5455333 is divided by 5578.
49
What is the remainder when 811385 is divided by 157?
9
What is the remainder when 3583772 is divided by 597294?
8
Calculate the remainder when 10302662 is divided by 95.
7
What is the remainder when 29083071 is divided by 8?
7
What is the remainder when 7083528 is divided by 68?
36
What is the remainder when 1200964 is divided by 400309?
37
What is the remainder when 3317000 is divided by 275?
225
What is the remainder when 408872710 is divided by 2364?
2362
What is the remainder when 189981 is divided by 129?
93
Calculate the remainder when 133326 is divided by 26589.
381
Calculate the remainder when 372363 is divided by 218.
19
What is the remainder when 229404 is divided by 98?
84
Calculate the remainder when 1978785 is divided by 3783.
276
Calculate the remainder when 271403 is divided by 66642.
4835
Calculate the remainder when 12221424 is divided by 392.
40
Calculate the remainder when 89044 is divided by 481.
59
Calculate the remainder when 949141 is divided by 3229.
3044
Calculate the remainder when 639095258 is divided by 78.
74
What is the remainder when 5512791 is divided by 49?
46
Calculate the remainder when 22652 is divided by 1652.
1176
Calculate the remainder when 26075317 is divided by 29.
25
What is the remainder when 13330 is divided by 1311?
220
Calculate the remainder when 7717867 is divided by 470.
467
What is the remainder when 8105102 is divided by 1612?
1578
Calculate the remainder when 6093565 is divided by 485.
25
Calculate the remainder when 19684 is divided by 18814.
870
What is the remainder when 1470956 is divided by 582?
242
Calculate the remainder when 188172 is divided by 1980.
72
Calculate the remainder when 67431226 is divided by 545.
11
Calculate the remainder when 64622248 is divided by 1119.
1117
What is the remainder when 2091502 is divided by 1251?
1081
What is the remainder when 40084310 is divided by 452?
46
What is the remainder when 6965467 is divided by 61?
60
What is the remainder when 87242624 is divided by 69962?
10
What is the remainder when 406442 is divided by 9?
2
Calculate the remainder when 3891050 is divided by 162.
134
What is the remainder when 326549 is divided by 46581?
482
Calculate the remainder when 391794 is divided by 391793.
1
What is the remainder when 700878425 is divided by 7097?
7093
Calculate the remainder when 14139301 is divided by 11942.
11915
Calculate the remainder when 12678 is divided by 397.
371
Calculate the remainder when 683226 is divided by 4041.
297
Calculate the remainder when 722967 is divided by 361477.
13
What is the remainder when 32207 is divided by 5346?
131
Calculate the remainder when 2228901 is divided by 445779.
6
What is the remainder when 626300 is divided by 8138?
7812
Calculate the remainder when 65050520 is divided by 1514.
1510
What is the remainder when 675892 is divided by 14693?
14
Calculate the remainder when 26114 is divided by 25989.
125
Calculate the remainder when 339246 is divided by 7191.
1269
What is the remainder when 961279 is divided by 3683?
16
What is the remainder when 2370726 is divided by 2165?
51
What is the remainder when 30968631 is divided by 1501?
1500
Calculate the remainder when 554604 is divided by 138646.
20
Calculate the remainder when 3596107 is divided by 408.
403
Calculate the remainder when 451796 is divided by 18824.
20
What is the remainder when 9648 is divided by 1604?
24
What is the remainder when 30270 is divided by 3653?
1046
What is the remainder when 247759 is divided by 1317?
163
Calculate the remainder when 63012245 is divided by 227.
223
Calculate the remainder when 73945354 is divided by 40674.
22
What is the remainder when 82380 is divided by 1824?
300
What is the remainder when 3340826511 is divided by 16?
15
What is the remainder when 80521 is divided by 3108?
2821
Calculate the remainder when 99032 is divided by 24723.
140
What is the remainder when 1506399 is divided by 176?
15
What is the remainder when 11747660 is divided by 2936913?
8
Calculate the remainder when 400563371 is divided by 33.
32
What is the remainder when 368269 is divided by 33478?
11
What is the remainder when 83661 is divided by 861?
144
Calculate the remainder when 1432311 is divided by 638.
1
What is the remainder when 373429 is divided by 186675?
79
What is the remainder when 44076 is divided by 14592?
300
What is the remainder when 1674901 is divided by 129?
94
What is the remainder when 871790 is divided by 3785?
1240
Calculate the remainder when 12954596 is divided by 362.
64
Calculate the remainder when 192326 is divided by 64072.
110
Calculate the remainder when 61691 is divided by 20529.
104
Calculate the remainder when 56054 is divided by 135.
29
What is the remainder when 201600 is divided by 25108?
736
Calculate the remainder when 64326672 is divided by 1128538.
6
What is the remainder when 16684103 is divided by 2?
1
What is the remainder when 759689 is divided by 206?
167
Calculate the remainder when 39388823 is divided by 29549.
6
Calculate the remainder when 720584185 is divided by 466.
463
Calculate the remainder when 566648 is divided by 47206.
176
Calculate the remainder when 95106904 is divided by 2061.
2059
What is the remainder when 66298 is divided by 7334?
292
Calculate the remainder when 425721 is divided by 362.
9
Calculate the remainder when 96940 is divided by 2020.
2000
Calculate the remainder when 100332926 is divided by 547.
545
What is the remainder when 14926759 is divided by 17?
11
What is the remainder when 33863314 is divided by 3499?
3491
What is the remainder when 240606 is divided by 120297?
12
What is the remainder when 23100 is divided by 1887?
456
Calculate the remainder when 603681 is divided by 16284.
1173
What is the remainder when 1115404 is divided by 1157?
56
What is the remainder when 1479985 is divided by 211384?
297
Calculate the remainder when 111658 is divided by 1128.
1114
What is the remainder when 385274 is divided by 77008?
234
Calculate the remainder when 4538189 is divided by 3369.
146
Calculate the remainder when 194419 is divided by 96654.
1111
What is the remainder when 234810738 is divided by 6430?
6428
What is the remainder when 34936386 is divided by 35?
16
What is the remainder when 220120 is divided by 3191?
3132
What is the remainder when 114995227 is divided by 3919?
10
What is the remainder when 3247197 is divided by 1802?
1795
Calculate the remai